at is (2 - 36) + (27 - 35) + 16?
-26
What is (92 - 83) + (-3 - 2)?
4
What is the value of -4 + 15 + -20 + 6 + -1?
-4
What is the value of 4 - (0 + (9 - 8))?
3
-5 + -2 + -6 + -2 + 24 - 0
9
What is the value of 5 - (9 + -39 + 15 + 12)?
8
What is 1 - ((1 - 4) + 5 + 9 + 13)?
-23
17 + (-7 - (-11 - -13))
8
Calculate -9 + 35 + -49 + 12.
-11
-17 - (0 - (-12 + 3)) - (-1 + -7)
-18
What is (-13 - -7 - -38) + (-13 - -4)?
23
Calculate -3 + 11 + (-4 - -14) - (12 - 4).
10
What is the value of -81 + 76 - (4 - 1)?
-8
Calculate (-1 - -4) + 3 + (-14 - -14).
6
What is -19 + -1 + (-35 - -62)?
7
(0 - -11) + -10 + 0
1
13 - (7 - (-17 + 3))
-8
Evaluate (-2 - (-10 - -2)) + -20 + 23 + 2.
11
14 - (-17 - (-25 - -15) - (0 + -2))
19
Evaluate -19 + 17 + -2 + 18.
14
What is the value of -11 - (-20 + (-8 + 25 - 2))?
-6
What is the value of 17 + (-46 + 51 - (-2 - -4))?
20
What is the value of -1 - 3 - (6 + 2 - (-7 + 13))?
-6
What is the value of -7 - ((-7 - (10 + 0) - 9) + -6)?
25
Evaluate -46 + (-24 + 10 - 5 - -37).
-28
What is 11 + ((-5 - -11 - -13) + -7 - 62)?
-39
Evaluate 12 + (3 - 8 - -6 - -3) + -6.
10
Calculate 9 - 4 - -17 - (-5 - 2).
29
(-7 - (-6 - (-4 - -3))) + -1 + -12
-15
What is the value of (816 - 886) + 33 + 1?
-36
-10 + (23 - (8 - 6 - -4))
7
What is the value of (3 - (5 - 3)) + 9?
10
Calculate 4 - -9 - (-10 + 20).
3
Calculate (-2 - -13) + -3 - (123 + -81) - -10.
-24
What is the value of -21 - (-9 - (-14 - -33))?
7
What is (33 + -85 - -66) + -5 + -1?
8
What is (-27 - -20) + (-1 - 2)?
-10
What is the value of 4 - -2 - (2 - (21 + (-9 - -3)))?
19
What is the value of 63 - (51 - 37 - -22)?
27
(161 - 165) + (2 + 0 - -7)
5
Evaluate 9 - (-11 + 5 + 4 + 3 + 4).
4
What is the value of (23 - -50) + (78 - 120)?
31
Calculate -1 - (-3 - (8 + 7 + -14)).
3
What is the value of (0 - -17) + (9 + 0 - 4) + 2?
24
Calculate -6 + 5 + -4 - -17 - -1 - -1.
14
What is the value of (0 + 1 - 0) + (24 - (4 - -17))?
4
What is the value of -20 - (-5 - -4 - ((-9 - -10) + 3))?
-15
3 - -2 - (9 + -17 + 17) - 2
-6
(-21 - (0 - 9)) + (2 - 14)
-24
Evaluate -8 - (-15 - (-17 + -13) - 6).
-17
What is the value of -14 + 1 + (26 - 10) + -21?
-18
Calculate 7 + 0 + 18 + 15 + -2.
38
What is the value of -3 + 12 + -8 + (-5 - -13 - -2)?
11
What is 7 + -1 + (-2 - -1)?
5
-20 + 16 + (-1 - 3)
-8
Calculate 6 - ((2 - 9) + -9 + 2 + 53).
-33
Evaluate -3 + 3 + 0 + -1 + -2 - 0.
-3
What is (1 + -1 + -7 - (395 + -396)) + -7?
-13
Evaluate -1 + (-12 - -13 - 12).
-12
Calculate -3 + (-7 + -11 - -18).
-3
Evaluate -2 + -12 + 4 + -8 + (3 - -2).
-13
What is the value of (1 - -36) + 3 + (-54 - -49) + 2?
37
What is (-28 - -34) + (7 - (3 - -7))?
3
What is (153 - 158 - (-1 - 22)) + -1?
17
Evaluate -7 - -23 - -6 - 40.
-18
Calculate -19 - (22 + -2 + -18).
-21
(1 - (14 + -7)) + -2 + -15
-23
What is the value of (43 - -1) + 23 + (-19 - 20)?
28
What is the value of 5 + (8 - (9 + 0)) + -6?
-2
What is -12 + -13 + 12 + -10?
-23
What is the value of 6 - (22 + -29) - -14?
27
Calculate (-7 - (-3 + -3) - -28) + (40 - 41).
26
What is (-14 - -10) + 10 + (1 - 2) - 18?
-13
9 + 9 + -21 - (5 + -4 + 2)
-6
-1 - (-11 - (9 + (-7 - 3)))
9
What is 2 - (-3 + -22 - -6 - -9)?
12
Evaluate -3 + (4 - (5 + -1)) + -12.
-15
Evaluate 53 + -10 - 37 - ((19 - 1) + 2).
-14
Calculate 27 + (-5 - (5 + 0)).
17
(-12 - -1) + 2 + (2 - (0 - -6))
-13
Evaluate (-1 + 8 + -7 - 1) + 6.
5
Evaluate (-2 - -28) + 15 + -20 + -5.
16
Calculate (-5 - (-18 + 3)) + -5 - -4.
9
(36 - (-45 - -123)) + 32
-10
Evaluate -11 + (2 - 0) + (6 - (-2 - -12)).
-13
-5 + (-2 - (-1 + 2) - (-112 - -114))
-10
-12 + -4 + (-1 - (-9 + 2))
-10
Calculate 24 + (12 - -2) + -29.
9
Calculate 20 - (-20 + 58) - -9.
-9
-6 - (-3 + -4) - 8
-7
-31 - -1 - (-325 - -327)
-32
What is -16 + 8 + 4 + 6 + 7?
9
Calculate -4 + -3 + 8 + -3 - (-19 + 21).
-4
Calculate -10 + 1 + (0 - -1) - (76 - 94).
10
Calculate 15 + -5 - (-3 - -2 - 0) - -8.
19
Evaluate 5 + -2 - (-18 + 29).
-8
Evaluate 3 - 4 - 2 - (25 + -12 - 22).
6
-15 - (-6 - 0 - (-124 - -124))
-9
What is (1 - 2) + 6 - (-593 - -618)?
-20
Calculate 4 - (9 + 7 + 5 + -8).
-9
What is the value of (-3 + 4 - (-3 + 2)) + (13 - 18)?
-3
What is the value of -8 - (7 + -1 + -11 + (-6 - -10))?
-7
Calculate 12 + (-3 - 7) - 0 - 14.
-12
-19 + (-7 - -21) - 3
-8
Calculate (6 + (-21 - -21) - (-2 - -10)) + 12.
10
What is 40 + -46 + (8 - (4 - 5))?
3
19 - (-1 + 4 + 24)
-8
What is the value of 9 + -15 + -12 + 33?
15
24 + -23 + -6 - (-4 + 3 + -2)
-2
1 + 5 - (106 + -101)
1
What is the value of (1 - 2) + 7 + (107 - (123 + -44))?
34
Calculate 44 - (2 - (-14 + -21)).
7
Evaluate (1 + 7 - 1) + (8 - 1 - 5).
9
What is the value of -35 + (5 - -13) - -14?
-3
(410 + -410 - (-9 + -1)) + (-10 - -1)
1
What is -9 + 3 + 0 - (-153 + 144)?
3
Calculate -8 + (14 - 9) + -9.
-12
Evaluate -2 + -6 + -1 - (-2 + -3).
-4
What is the value of 0 + 26 + (-218 - -211)?
19
Calculate -6 - (55 + -28 + -16).
-17
Evaluate 1 + (0 - 0) + 124 + -87 + -25.
13
What is -9 - -1 - (6 + 20 + -21 + 8)?
-21
Calculate (2 - 0) + 711 + -716.
-3
14 + -16 + 10 + 2
10
Evaluate (1 - -1) + 2 + -6 + 20 + -30.
-12
What is -1 - 4 - (-69 + 57 + 24)?
-17
Calculate -3 + (-1 - -16 - 5).
7
What is 17 + -10 - (1 + -1 + 25)?
-18
What is 26 + 20 + (-49 - -6)?
3
What is 3 - (-12 - -7 - 1) - (-1 - -2)?
8
Evaluate 281 + -261 - (0 + 10) - -9.
19
-6 + -5 - (4 + 8 + -6 - 5)
-12
(-1 - 9) + (75 + -12 - 54)
-1
-19 + (-31 - -9) + 62
21
What is (-36 - -11 - -9) + 4 + -1?
-13
What is (-3 - 0) + (-54 - (-11 - 33))?
-13
What is the value of 11 + 7 + 12 + -8 + -7 + -16?
-1
What is -46 - (-31 + 8 + -2)?
-21
Evaluate (-4 - (26 - 29)) + (3 - -1) + 13.
16
Evaluate 6 + -12 + (-3 - (-1 - 5)).
-3
Calculate (0 - (7 - 2)) + (26 - (19 + -5)).
7
8 - (-22 - -17 - (-4 - (0 + 0)))
9
What is (-10 - -35) + -19 - -4?
10
What is the value of -3 + 2 + (1 - -3) - (26 + -26)?
3
(-18 - -36 - -1) + -37
-18
Evaluate (19 - 3) + 12 + -21 + -5.
2
-19 - 1 - (18 - (-25 + 40))
-23
8 - (14 - (14 + -14))
-6
What is the value of -30 + -9 + 17 + -15?
-37
What is the value of (-15 - (16 - 47)) + -19?
-3
-9 + (2 - 2) - (-23 - (-24 - -9))
-1
What is the value of 9 + (1 - (7 - 13) - 37)?
-21
Evaluate 8 - 15 - -4 - -7 - 16.
-12
Evaluate -6 + -9 + 14 + 2 + -8.
-7
Evaluate -5 - (0 + -9 + 13 - -2 - 0).
-11
What is the value of 1 + -1 + -5 + 26 + -31 - 5?
-15
What is the value of 77 + -79 + (5 - 2) + 4?
5
Evaluate 7 + -39 + (-7 - -36).
-3
What is (-2 - -2) + -2 - (-19 + -14 + 23)?
8
Evaluate -4 + -1 + (-6 - (-4 + 1 + 1)).
-9
What is the value of -1019 + 1012 + 0 + 3?
-4
What is 121 + -129 - (-3 - ((-3 - -9) + 2))?
3
Calculate -11 + 10 + 8 + -17.
-10
Calculate (-33 - -14) + (22 - 7).
-4
Evaluate (-1 + 2 - -14) + (-6 - -2).
11
Evaluate -29 - -33 - (11 - 15).
8
Calculate -209 + 211 - (5 + 2) - (-29 - 1).
25
Evaluate 21 + -7 + 2 + -11 + (0 - -5).
10
What is 4 - -5 - (79 + -87)?
17
What is the value of -82 + 74 - (-7 - (2 + 3 + -3))?
1
Evaluate (25 - (-17 + 5) - 4) + -13.
20
What is 48 + (-21 + -11 - -7)?
23
What is -48 + 46 + -9 - (5 - -3)?
-19
What is the value of (28 - ((4 - -8) + -5)) + -7?
14
What is -10 + -15 - (-55 + 51)?
-21
What is (9 - (3 + 6)) + -12?
-12
What is (-10 + -2 - (-7 + 1) - -3) + -3?
-6
What is -11 - (-29 + 41) - -41?
18
What is the value of (-13 - 14) + 50 + -32?
-9
Calculate 5 + (-26 - -2) - -11.
-8
What is the value of -19 - (-40 - -28 - 6)?
-1
Evaluate 21 + (5 - (-37 + 33)).
30
What is -10 + (19 - 10) - ((1 - -5) + -1)?
-6
Evaluate (10 - (9 - 6)) + -1 + 4 + -5.
5
What is -9 - (6 + (-8 - (-5 - 4 - 1)))?
-17
Calculate -3 + (-2 - -1) - -4.
0
What is -3 + (-6 - 4) - -22?
9
What is the value of 665 + -661 - (0 + 0 + -3)?
7
What is the value of 0 + (9 + -15 - (-3 + 7 + -13))?
3
What is (40 - 46 - (4 - 0)) + 2 + 0?
-8
What is 33 + -17 - 28 - (1 - (1 + 6))?
-6
-77 + 95 + (15 - (5 - 0))
28
(4 - 0 - -13) + -2
15
-73 + 82 - (-1 + 42)
-32
Calculate (17 - 19) + 7 + -10.
-5
Evaluate -2 + 1 + -5 + -1 + 10.
3
Calculate 391 + -375 + (-1 - -1 - -3).
19
What is 224 + -237 - (-24 + 1)?
10
Evaluate -8 + (-30 - -1 - -43).
6
What is -8 - (-9 + -6 + 0)?
7
What is -1 - (4 + (-12 - -8))?
-1
Calculate (4 - (4 - 1)) + (-4 - -5) + 9.
11
What is 4 - (-39 - ((-202 - -205) + -10 + 0))?
36
Evaluate 27 - (30 + -15 + -17 + 12).
17
What is (1 - -11) + (29 - (3 - -15))?
23
-22 - (15 + (11 - (12 - -23)))
-13
What is the value of (21 - -22) + -34 -